+ 1052*p + 8515. Calculate z(-8).
35
Let n(u) = -154568*u - 309190. What is n(-2)?
-54
Let a(j) = 32*j**2 + 969*j + 4751. What is a(-24)?
-73
Let x(u) = -79*u**2 - 278*u - 74. Calculate x(-3).
49
Let x(n) = n**3 + 33*n**2 - 89*n + 688. Calculate x(-37).
-1495
Let d(t) = 2065*t + 2062886. Give d(-999).
-49
Let a(g) = g**3 + 72*g**2 + 480*g + 5558. What is a(-66)?
14
Let q(c) = 5731*c**2 + 143299*c + 604. Determine q(-25).
4
Let x(i) = -3*i**2 - 333*i - 3203. What is x(-101)?
-173
Let f(r) = -18121*r + 308077. Determine f(17).
20
Let v(p) = 2*p**2 - 19484*p - 214521. Calculate v(-11).
45
Let s(w) = -26630*w - 905410. Determine s(-34).
10
Let k(t) = 20*t**3 + 12*t**2 - 32*t - 84. What is k(-2)?
-132
Let z(p) = 377*p**2 + 5*p + 86. Give z(0).
86
Let f(i) = i**3 - 42*i**2 - 6969*i + 447. Determine f(-65).
1357
Let p(v) = -449*v - 65174. Determine p(-145).
-69
Let k(j) = 741*j**3 - 13*j**2 - 27*j + 38. What is k(1)?
739
Let n(w) = -28180*w + 140726. Calculate n(5).
-174
Let z(i) = 8*i**3 + 124*i**2 + 53*i + 13. What is z(-15)?
118
Let q(s) = s**2 + 229*s - 1903. Calculate q(-239).
487
Let c(h) = -h**2 + 4086*h - 1746600. What is c(485)?
-115
Let c(p) = 135830*p + 5568945. Determine c(-41).
-85
Let d(k) = k**3 - 35*k**2 - 298*k - 491. Give d(-5).
-1
Let c(d) = -d**3 + 125*d**2 - 10*d + 1296. Give c(125).
46
Let v(b) = b**3 + 7*b**2 - 313*b - 3057. Give v(-12).
-21
Let s(d) = -2*d**3 + 76*d**2 + 2465*d + 773. Give s(59).
6
Let g(v) = -1352*v - 24432. Determine g(-18).
-96
Let g(h) = -6*h**3 - 21*h**2 + 8*h - 40. Give g(-7).
933
Let b(g) = -3*g**2 - 269*g + 509. Calculate b(-95).
-1011
Let n(x) = -5*x**3 - 204*x**2 - 1406*x + 105. Determine n(-32).
41
Let w(x) = -x**3 - 831*x + 6112. Calculate w(7).
-48
Let s(x) = -4*x**3 - 44*x**2 + 293*x + 29. Give s(6).
-661
Let g(f) = -1244*f - 17398. Determine g(-14).
18
Let p(r) = 84*r**2 + 541*r - 16. Give p(-7).
313
Let j(v) = -4606*v - 2399736. Determine j(-521).
-10
Let h(a) = -64*a**2 - 31*a - 49. Give h(-5).
-1494
Let l(y) = 15980*y - 1997495. Determine l(125).
5
Let z(t) = 4*t**3 - 228*t**2 + 230*t - 347. Calculate z(56).
-11
Let k(p) = p**2 + 194*p + 4197. Determine k(-169).
-28
Let y(n) = n**3 + 29*n**2 - 44*n + 588. Determine y(-31).
30
Let k(t) = 3*t**2 - 198*t - 673. Give k(70).
167
Let y(c) = 2*c**3 + 546*c**2 + 11639*c + 3017833. Calculate y(-272).
-7
Let h(y) = y**3 + 28*y**2 + 106*y - 161. Calculate h(-23).
46
Let u(q) = 20763*q - 768236. Give u(37).
-5
Let l(j) = -146*j + 6051. Determine l(34).
1087
Let l(j) = 133596*j - 534302. Calculate l(4).
82
Let t(a) = -1156*a + 128019. What is t(111)?
-297
Let t(p) = 237*p - 1021. Calculate t(6).
401
Let l(m) = m**2 - 135*m + 3700. Determine l(41).
-154
Let l(v) = -5*v**2 + 87875*v - 351503. Determine l(4).
-83
Let p(b) = 1817*b**2 + 70901*b + 1488. Give p(-39).
6
Let l(m) = -2484*m - 604094. What is l(-243)?
-482
Let g(q) = -133*q**2 - 2865*q + 1365. Give g(-22).
23
Let v(b) = b**3 + 1525*b**2 + 94896*b - 288. Give v(-65).
-28
Let l(i) = -i**3 - 4*i**2 + 24*i - 440. What is l(11)?
-1991
Let z(h) = 65*h**2 - 4495*h + 694. What is z(69)?
4
Let x(z) = 6*z**3 - 59*z**2 + 135*z + 5. Determine x(4).
-15
Let v(s) = -122552*s + 612469. What is v(5)?
-291
Let v(x) = 8*x**2 - 437*x - 3118. Calculate v(61).
-7
Let u(x) = -80*x**2 - 307*x + 86. Give u(-5).
-379
Let j(b) = b**3 - 41*b**2 + 74*b - 1496. What is j(40)?
-136
Let j(w) = -105*w**2 + 995*w - 396. Give j(9).
54
Let q(c) = -1214*c - 1230. Calculate q(-1).
-16
Let w(d) = 185*d**2 + 484*d + 31. Give w(-3).
244
Let o(m) = -22*m**2 + 758*m + 1905. Determine o(37).
-167
Let m(r) = 639*r + 7635. What is m(-12)?
-33
Let m(t) = 3*t**3 + 11*t**2 - 81*t + 5. Calculate m(-6).
239
Let a(s) = s**3 - 73*s**2 + 986*s - 1180. Determine a(16).
4
Let a(v) = -21*v**2 + 193*v + 30566. What is a(43)?
36
Let s(p) = -592*p - 4581. Determine s(-5).
-1621
Let l(d) = 3*d**2 + 898*d + 66599. Determine l(-164).
15
Let i(u) = -53*u - 2165. Give i(-35).
-310
Let o(r) = -7*r**2 + 26269*r + 157805. Give o(-6).
-61
Let o(b) = 6574*b + 36308. Determine o(-5).
3438
Let u(d) = 213*d - 4427. Give u(20).
-167
Let m(g) = -g**3 + 110*g**2 - 431*g + 639. Determine m(106).
-103
Let x(u) = -748*u + 41935. Calculate x(56).
47
Let m(l) = 171*l**2 - 248*l + 15. What is m(-2)?
1195
Let y(a) = 92*a + 11578. Determine y(-122).
354
Let f(t) = -79*t**2 - 121*t + 466. Give f(4).
-1282
Let t(z) = -59*z**2 + 9663*z - 7478. What is t(163)?
20
Let m(p) = p**2 + 802*p - 113752. What is m(123)?
23
Let i(a) = 73455*a - 734554. Determine i(10).
-4
Let n(c) = c**2 + 46648*c + 7854945. Calculate n(-169).
-6
Let w(t) = -t**2 - 152*t + 15914. Give w(-223).
81
Let u(s) = s**2 - 30*s - 278. Calculate u(37).
-19
Let m(w) = 32*w + 1685. What is m(-79)?
-843
Let r(g) = -43489*g - 86829. Give r(-2).
149
Let v(q) = -5833*q - 606735. Give v(-104).
-103
Let j(v) = 2*v**3 - 55*v**2 + 408*v - 154. What is j(16)?
486
Let j(r) = -3*r**2 - 211*r + 3901. Calculate j(15).
61
Let r(f) = 5025*f - 562800. Give r(112).
0
Let q(b) = -2*b**2 - 3118*b - 28046. What is q(-9)?
-146
Let g(c) = -9*c**2 - 276*c + 99. Calculate g(-31).
6
Let u(t) = -8*t + 232. What is u(30)?
-8
Let y(h) = -90*h + 5214. Determine y(57).
84
Let r(s) = 3*s**2 - 182*s + 2042. Determine r(59).
1747
Let z(o) = o**3 + 105*o**2 - 784*o + 1493. Calculate z(-112).
1493
Let i(p) = 2*p**2 - 22673*p + 181347. Determine i(8).
91
Let z(h) = h**3 + 17*h**2 + 15*h + 12. Calculate z(-12).
552
Let n(h) = -71016*h + 7030612. Give n(99).
28
Let h(d) = -28*d**2 - 2298*d - 42444. Determine h(-54).
0
Let x(w) = -5838*w + 5983954. Calculate x(1025).
4
Let b(l) = 8868*l - 230633. Give b(26).
-65
Let p(v) = 3*v**2 - 2420*v + 187107. What is p(720)?
-93
Let t(o) = -3247*o + 389638. What is t(120)?
-2
Let d(k) = 64*k**2 + 582*k + 254. Calculate d(-8).
-306
Let j(z) = -z**3 + 144*z**2 + 750*z - 658. What is j(149)?
87
Let s(i) = 603*i - 93416. Determine s(155).
49
Let a(g) = -102214*g - 715489. Give a(-7).
9
Let g(s) = 36*s**2 - 75*s + 77. Give g(1).
38
Let g(l) = -160*l + 14182. Give g(89).
-58
Let r(l) = 4204*l - 38285. What is r(9)?
-449
Let a(o) = 863*o + 294273. Give a(-341).
-10
Let v(n) = -29*n**3 - 4*n**2 + 196*n + 197. Give v(-1).
26
Let i(k) = 3058*k - 24589. Determine i(8).
-125
Let k(f) = f**3 + 21*f**2 + 738*f - 6540. Give k(7).
-2
Let s(i) = 116*i**2 + 2542*i - 215. Calculate s(-22).
5
Let d(i) = -5*i**3 + 647*i**2 - 2739*i - 1376. What is d(125)?
-1
Let x(k) = -3*k**3 - 10*k**2 - 40*k - 277. Calculate x(-7).
542
Let n(p) = -p**3 + 184*p**2 - 1762*p + 511620. What is n(189)?
-3
Let i(x) = -9*x**3 + 1477*x**2 + 176*x - 55769. Give i(164).
-9
Let x(f) = 139*f**3 - 3*f**2 + 2*f - 16. Give x(2).
1088
Let j(s) = -5*s**3 + 121*s**2 - 114*s + 2169. What is j(24)?
9
Let o(c) = 27*c - 1535. Give o(60).
85
Let c(s) = -5677*s + 283843. Give c(50).
-7
Let q(w) = -w**3 - 20*w**2 - 49*w - 647. Calculate q(-21).
823
Let x(w) = -165*w - 63057. Calculate x(-383).
138
Let x(g) = g**2 - 188*g + 8217. Calculate x(69).
6
Let v(u) = 77*u + 523. What is v(11)?
1370
Let v(d) = -1908*d - 47374. Give v(-25).
326
Let i(w) = 12*w**2 - 769*w - 2387. Determine i(67).
-42
Let c(z) = 9*z**3 + 13*z**2 - 234*z + 1574. Calculate c(8).
5142
Let w(c) = -13*c**2 - 625*c - 5331. Calculate w(-37).
-3
Let b(g) = -2*g**3 + 13*g**2 + 126*g - 34. What is b(-5)?
-89
Let q(x) = -1586315*x - 7931579. What is q(-5)?
-4
Let p(k) = 26*k**3 + 484*k**2 - 199*k - 176. What is p(-19)?
-5
Let x(b) = -2100*b + 6474. Determine x(3).
174
Let p(t) = 2*t**2 + 27926*t + 835977. What is p(-30)?
-3
Let p(v) = -v**2 + 6217*v + 162309. Give p(-26).
-9
Let q(a) = 8*a**3 + 61*a**2 + 142*a + 29. Calculate q(-2).
-75
Let p(h) = 26*h + 515. Give p(4).
619
Let u(h) = -5*h**2 + 212*h + 236. What is u(4)?
1004
Let p(i) = 3399*i + 30599. What is p(-9)?
8
Let h(r) = -3192793*r + 15963955. Determine h(5).
-10
Let m(i) = i**3 - 22*i**2 + 115*i - 4007. What is m(25)?
743
Let g(x) = -x**3 - 5*x**2 - 74*x - 215. Determine g(0).
-215
Let g(i) = 3*i**3 + 78*i**2 + 613*i + 7. Determine g(-16).
-2121
Let x(j) = 50460*j - 655975. Calculate x(13).
5
Let q(f) = 263*f**2 + 5014*f + 108. What is q(-19)?
-215
Let l(g) = -3*g**2 - 2577*g - 12864. Give l(-5).
-54
Let o(c) = -c**3 + 10*c**2 - 33*c + 234. Give o(7).
150